{"id":14744,"date":"2023-12-06T16:19:48","date_gmt":"2023-12-06T19:19:48","guid":{"rendered":"https:\/\/clubedavoz.com.br\/?page_id=14744"},"modified":"2023-12-11T21:45:19","modified_gmt":"2023-12-12T00:45:19","slug":"politica-privacidade","status":"publish","type":"page","link":"https:\/\/clubedavoz.com.br\/esp\/politica-privacidade\/","title":{"rendered":"Pol\u00edtica de privacidad"},"content":{"rendered":"<div data-elementor-type=\"wp-page\" data-elementor-id=\"14744\" class=\"elementor elementor-14744\" data-elementor-post-type=\"page\">\n\t\t\t\t<div class=\"elementor-element elementor-element-35902d2 e-flex e-con-boxed e-con e-parent\" data-id=\"35902d2\" data-element_type=\"container\" data-e-type=\"container\">\n\t\t\t\t\t<div class=\"e-con-inner\">\n\t\t<div class=\"elementor-element elementor-element-9e11f61 e-con-full e-flex e-con e-child\" data-id=\"9e11f61\" data-element_type=\"container\" data-e-type=\"container\">\n\t\t\t\t<div class=\"elementor-element elementor-element-36af513 elementor-widget elementor-widget-text-editor\" data-id=\"36af513\" data-element_type=\"widget\" data-e-type=\"widget\" data-widget_type=\"text-editor.default\">\n\t\t\t\t<div class=\"elementor-widget-container\">\n\t\t\t\t\t\t\t\t\t<h2>Pol\u00edtica de privacidad<\/h2><div>O <strong>club de voz<\/strong> tiene altos est\u00e1ndares \u00e9ticos y respeta su privacidad. Guardamos la informaci\u00f3n requerida por la ley en cualquier jurisdicci\u00f3n relevante y la divulgaci\u00f3n de su nombre, direcci\u00f3n de correo electr\u00f3nico y datos solicitados en los formularios (Cont\u00e1ctenos, Env\u00edo de casting, Env\u00edo de presupuesto) para que sea posible enviarlos, no divulgaremos su informaci\u00f3n personal a terceros sin su consentimiento. A pesar de esto, nos reservamos el derecho de divulgar sus datos personales a las empresas afiliadas al Clube da Voz, incluidos nuestros socios, empleados, sus empleados y nuestros agentes y representantes de confianza que necesitan tener acceso a estos datos para poder ofrecer nuestros servicios (incluyendo Servicio al Cliente y servicios internos como auditor\u00edas y cumplimiento) para su beneficio.<\/div><div>\u00a0<\/div><div><strong>tu privacidad<\/strong> es muy importante para el Voice Club. Valoramos la confianza depositada en nosotros y nos comprometemos a proteger y salvaguardar la informaci\u00f3n personal que nos proporcione. Este documento actualizado con frecuencia describe c\u00f3mo usamos y procesamos sus datos personales y c\u00f3mo usamos las cookies. Tambi\u00e9n le indica c\u00f3mo puede comunicarse con nosotros si tiene preguntas sobre su informaci\u00f3n personal.<\/div><div>\u00a0<\/div><div>Valoramos mucho su confianza al utilizar nuestro sistema de selecci\u00f3n de casting y presupuesto. Por este motivo, protegeremos de forma regular y diligente su privacidad y la confidencialidad de sus datos personales. Esta pol\u00edtica de privacidad se aplica a todos nuestros servicios, ya sea que se acceda o est\u00e9 disponible en l\u00ednea, o por tel\u00e9fono, correo electr\u00f3nico, FAX o cualquier otra plataforma o dispositivo (en adelante, el &quot;Sitio&quot;). Al aceptar esta pol\u00edtica de privacidad, usted est\u00e1 de acuerdo con el procesamiento de sus datos personales por parte del Clube da Voz para los fines que se especifican a continuaci\u00f3n.<\/div><div>\u00a0<\/div><div><strong>Por qu\u00e9 procesamos sus datos personales<\/strong>;<\/div><div>Clube da Voz procesa sus datos personales por las siguientes razones:<\/div><div>\u00a0<\/div><div>1) Realizaci\u00f3n de selecci\u00f3n y env\u00edo de casting en nuestra web.<\/div><div>2) Env\u00eda una solicitud de cotizaci\u00f3n a los ponentes seleccionados en tu casting a trav\u00e9s de nuestra web.<\/div><div>3) Informarle sobre las novedades del \u201cnewsletter\u201d (solo con su consentimiento).<\/div><div>4) Estudios estad\u00edsticos (limitado al uso interno de la empresa).<\/div><div>5) Tambi\u00e9n podemos utilizar sus datos personales para detectar fraudes y\/u otros actos il\u00edcitos dirigidos al Clube da Voz.<\/div><div>\u00a0<\/div><div><strong>Datos personales recopilados por Clube da Voz<\/strong><\/div><div>Clube da Voz recopila los siguientes datos personales: su nombre, direcci\u00f3n, direcci\u00f3n de correo electr\u00f3nico, n\u00famero de tel\u00e9fono y, en la medida de lo posible, sus preferencias con respecto al alcance del proyecto \u201cbriefing\u201d. Esta informaci\u00f3n es necesaria para procesar, confirmar, completar, contabilizar y gestionar su casting y su solicitud de cotizaci\u00f3n para cada uno de los ponentes seleccionados.<\/div><div>\u00a0<\/div><div>Clube da Voz tambi\u00e9n puede procesar datos sobre su computadora, como la direcci\u00f3n IP, el tipo de navegador y, para los usuarios de nuestro servicio desde un dispositivo m\u00f3vil, el Identificador \u00fanico de dispositivo (UDID, una combinaci\u00f3n alfanum\u00e9rica \u00fanica relativa a su dispositivo), sistema operativo, aplicaci\u00f3n versi\u00f3n y latitud\/longitud. Estos datos generalmente no son identificables y son an\u00f3nimos, pero, sin embargo, pueden considerarse datos personales, ya sea solos o combinados. En estos casos, los datos ser\u00e1n tratados de acuerdo con la \u00e9tica y legislaci\u00f3n vigente en materia de protecci\u00f3n de datos.<\/div><div>\u00a0<\/div><div><strong>transferencia a terceros<\/strong><\/div><div>El Clube da Voz, con responsabilidad, en forma de ley, en las condiciones espec\u00edficas descritas en este documento, puede transferir sus datos personales solo a las siguientes entidades acreditadas: socios, empleados, los empleados de aquellos, y nuestros agentes y representantes de confianza que necesitan tener acceso a estos datos para poder ofrecer nuestros servicios.<\/div><div>\u00a0<\/div><div><strong>Entidades de procesamiento de datos<\/strong><\/div><div>Normalmente, utilizamos servidores de proveedores de servicios que se utilizan para alojar el contenido de nuestro sitio web y se utilizan para el almacenamiento y la copia (&quot;copia de seguridad&quot;) de seguridad de todos los datos y contenidos del sitio web, as\u00ed como de todas las empresas que operan a trav\u00e9s de Internet. El tratamiento a trav\u00e9s de estos proveedores de servicios se realiza de acuerdo con las normas de procedimiento normales y habituales, vinculadas a acuerdos y contratos en materia de tratamiento y confidencialidad.<\/div><div>\u00a0<\/div><div><strong>Las autoridades competentes<\/strong><\/div><div>Podemos compartir y divulgar sus datos personales e informaci\u00f3n a entidades gubernamentales o autoridades de investigaci\u00f3n seg\u00fan lo dispuesto por la ley (o cualquier otra regulaci\u00f3n que tenga fuerza de ley), procesos legales, investigaciones penales, \u00f3rdenes judiciales o citaciones. Clube da Voz tambi\u00e9n puede divulgar sus datos personales si esto es extremadamente necesario para la prevenci\u00f3n, detecci\u00f3n o acusaci\u00f3n de actos delictivos.<\/div><div>\u00a0<\/div><div><strong>Seguridad<\/strong><br \/>De acuerdo con las leyes de protecci\u00f3n de datos personales, Clube da Voz utiliza estrictos procedimientos de seguridad para evitar el uso indebido y el acceso no autorizado a los datos personales.<\/div><div>Garantizamos la seguridad de este sitio web con la <strong>Certificado Digital SSL <\/strong><strong>(Capa de sockets seguros)<\/strong> que protege toda la informaci\u00f3n, es decir, el usuario siempre sabr\u00e1 que su informaci\u00f3n no puede ser vista por personas no autorizadas.<\/div><div>Con el fin de proteger y defender los datos personales que nos proporciona, implementamos y utilizamos sistemas y procedimientos comerciales apropiados para este fin. Adem\u00e1s, implementamos y utilizamos procedimientos de seguridad y restricciones f\u00edsicas y t\u00e9cnicas para acceder y utilizar la informaci\u00f3n personal. Solo los empleados autorizados podr\u00e1n acceder a la informaci\u00f3n personal para realizar tareas relacionadas con nuestros servicios.<\/div><div>\u00a0<\/div><div><strong>Pol\u00edtica de cookies<\/strong><\/div><div>\u00bfQu\u00e9 es una galleta?<\/div><div>Una cookie es una peque\u00f1a porci\u00f3n de datos que un sitio web coloca en su computadora.<\/div><div>\u00a0<\/div><div><strong>\u00bfPor qu\u00e9 los sitios web utilizan cookies?<\/strong><\/div><div>Las p\u00e1ginas web no tienen memoria propia. Si navega por Internet de una p\u00e1gina a otra dentro del mismo sitio, no se le reconocer\u00e1 como el mismo usuario en todas las p\u00e1ginas. Las cookies permiten que su navegador sea reconocido por el sitio web. Por lo tanto, las cookies est\u00e1n destinadas principalmente a memorizar las elecciones realizadas por el usuario, como su idioma y moneda preferidos. Tambi\u00e9n aseguran que ser\u00e1 reconocido cuando visite el mismo sitio nuevamente.<\/div><div>\u00a0<\/div><div><strong>\u00bfTodas las cookies sirven para lo mismo?<\/strong><\/div><div>No, existen diferentes tipos de cookies y diferentes formas de usarlas. Las cookies se pueden clasificar seg\u00fan sus funciones, su vida \u00fatil y tambi\u00e9n seg\u00fan qui\u00e9n las coloque en un sitio web.<\/div><div>\u00a0<\/div><div><strong>\u00bfC\u00f3mo utiliza el Clube da Voz las cookies?<\/strong><\/div><div>Nuestro objetivo es proporcionar a nuestros visitantes un sitio web moderno y f\u00e1cil de usar que se adapte autom\u00e1ticamente a sus necesidades y deseos. Para lograr estos fines, nuestro sitio web utiliza los siguientes tipos de cookies:<\/div><div>\u00a0<\/div><div><strong>Cookies t\u00e9cnicas:<\/strong> Utilizamos cookies t\u00e9cnicas para mostrar nuestro sitio web, hacer que funcione correctamente, permitirle crear y acceder a su cuenta de usuario y gestionar sus reservas. Estas &#039;cookies&#039; t\u00e9cnicas son absolutamente necesarias para el correcto funcionamiento de nuestro sitio web. Tambi\u00e9n utilizamos las llamadas cookies funcionales para recordar sus preferencias y ayudarlo a usar nuestro sitio web de manera eficiente y efectiva, por ejemplo, memorizando su moneda e idiomas preferidos, su investigaci\u00f3n y selecci\u00f3n de casting. Estas cookies funcionales no son estrictamente esenciales para el funcionamiento del sitio web, pero agregan una o m\u00e1s funcionalidades para mejorar la experiencia del usuario.<\/div><div>\u00a0<\/div><div><strong>Cookies anal\u00edticas:<\/strong> Usamos estas cookies para comprender mejor c\u00f3mo nuestros visitantes usan el sitio web, para averiguar qu\u00e9 funciona y qu\u00e9 no, para optimizar y mejorar nuestro sitio web y garantizar que nuestros servicios satisfagan los intereses de nuestros clientes. Los datos que recopilamos incluyen las p\u00e1ginas web que ha visitado, sus p\u00e1ginas de referencia\/salida, el tipo de plataforma utilizada, informaci\u00f3n de fecha y hora. Tambi\u00e9n indican la cantidad de clics que realiz\u00f3 en una p\u00e1gina determinada, los movimientos del mouse y el desplazamiento de la p\u00e1gina, las palabras utilizadas en sus b\u00fasquedas y otros textos que puede escribir mientras usa nuestro sitio web.<\/div><div>\u00a0<\/div><div><strong>Galletas comerciales:<\/strong> Utilizamos estas cookies para mostrar anuncios de Clube da Voz en otros sitios web. Esto se denomina &quot;retargeting&quot; y se basa en las palabras clave (p. ej., los principales hablantes, el hablante original) que busc\u00f3 o vio. Los proveedores que elegimos para estas asociaciones demuestran respeto por los derechos del consumidor y establecen pr\u00e1cticas responsables de gesti\u00f3n de datos.<\/div><div>\u00a0<\/div><div><strong>Contacto<\/strong><\/div><div>Clube da Voz es la Asociaci\u00f3n de Locutores Profesionales de Brasil, una empresa establecida en la siguiente direcci\u00f3n: Av. Sabi\u00e1, 641 \u2013 Moema \u2013 S\u00e3o Paulo \u2013 SP \u2013 Brasil \u2013 CEP 04515-001. Si tiene alguna sugerencia o comentario que hacer sobre esta declaraci\u00f3n de privacidad, env\u00ede un correo electr\u00f3nico a: <a href=\"mailto:clubedavoz@clubedavoz.com.br\" target=\"_blank\" rel=\"noopener noreferrer\">clubedavoz@clubedavoz.com.br<\/a><\/div><div>\u00a0<\/div><div><strong>Modificaciones a esta declaraci\u00f3n<\/strong><\/div><div>Siempre tenemos derecho a modificar la forma en que usamos el sitio web, as\u00ed como la forma en que recopilamos, transmitimos y procesamos la informaci\u00f3n personal y cualquier otro tipo de informaci\u00f3n que consideremos necesaria. Por lo tanto, esta declaraci\u00f3n puede modificarse de vez en cuando para reflejar los \u00faltimos cambios.<\/div>\t\t\t\t\t\t\t\t<\/div>\n\t\t\t\t<\/div>\n\t\t\t\t<\/div>\n\t\t\t\t\t<\/div>\n\t\t\t\t<\/div>\n\t\t\t\t<\/div>","protected":false},"excerpt":{"rendered":"<p>Pol\u00edtica de privacidade O Clube da Voz tem padr\u00f5es de \u00e9tica elevados e respeita a sua privacidade. Salvamos informa\u00e7\u00f5es exigidas por lei em qualquer jurisdi\u00e7\u00e3o relevante e a divulga\u00e7\u00e3o do seu nome, endere\u00e7o de e-mail e dados solicitados nos formul\u00e1rios (Fale Conosco, Envio de Casting, Envio de Or\u00e7amento) para que seja poss\u00edvel que o envio [&hellip;]<\/p>\n","protected":false},"author":171,"featured_media":0,"parent":0,"menu_order":0,"comment_status":"closed","ping_status":"closed","template":"elementor_header_footer","meta":{"_acf_changed":false,"inline_featured_image":false,"footnotes":""},"class_list":["post-14744","page","type-page","status-publish","hentry"],"acf":[],"aioseo_notices":[],"_links":{"self":[{"href":"https:\/\/clubedavoz.com.br\/esp\/wp-json\/wp\/v2\/pages\/14744","targetHints":{"allow":["GET"]}}],"collection":[{"href":"https:\/\/clubedavoz.com.br\/esp\/wp-json\/wp\/v2\/pages"}],"about":[{"href":"https:\/\/clubedavoz.com.br\/esp\/wp-json\/wp\/v2\/types\/page"}],"author":[{"embeddable":true,"href":"https:\/\/clubedavoz.com.br\/esp\/wp-json\/wp\/v2\/users\/171"}],"replies":[{"embeddable":true,"href":"https:\/\/clubedavoz.com.br\/esp\/wp-json\/wp\/v2\/comments?post=14744"}],"version-history":[{"count":0,"href":"https:\/\/clubedavoz.com.br\/esp\/wp-json\/wp\/v2\/pages\/14744\/revisions"}],"wp:attachment":[{"href":"https:\/\/clubedavoz.com.br\/esp\/wp-json\/wp\/v2\/media?parent=14744"}],"curies":[{"name":"wp","href":"https:\/\/api.w.org\/{rel}","templated":true}]}}